q) = -18*q**2 + q - 1. Let s be r(2). Let k be -3 + 3 + (-465)/(-9)*3. Let j = k - s. Is j a composite number?
True
Let h(u) = 13*u**2 + 23*u - 3. Is h(23) a prime number?
False
Suppose 10 = 3*m - m. Suppose m*t + 739 + 322 = 4*f, -20 = 4*t. Suppose -5*s + 176 = -f. Is s a composite number?
True
Let p be 2/(-2)*4 - -9. Suppose 2*z + 0 = 4. Suppose -z*h + 4*d = -204, -3*d - 86 = -h - p*d. Is h a composite number?
True
Let k(n) = -2*n**3 - 4*n**2 - 3*n - 10. Is k(-9) prime?
True
Let j(p) be the third derivative of p**4/6 - 5*p**3/2 + 2*p**2. Is j(6) prime?
False
Let a(j) = 9*j**2 - 8*j - 12. Let i be (-3 - -2 - -2)*-5. Is a(i) a composite number?
True
Let i(l) = -3413*l - 26. Is i(-3) a prime number?
False
Let k(y) = -y**3 - 15*y**2 + 5*y - 12. Suppose -3*f - 2*a = 47, -f + 3*a = -0*f + 23. Is k(f) prime?
False
Is 0*(-4)/(-32) - -5737 a composite number?
False
Let w = 242 + 629. Is w a composite number?
True
Let n(i) = -i**2 + 14*i - 11. Let h be n(13). Suppose 143 = h*q - 111. Is q prime?
True
Let v = -9 + 14. Suppose 4*k + 0*k = 20, v*p - 4*k + 20 = 0. Suppose 2*f = -5*b + 182, 3*f + b + 3*b - 266 = p. Is f a composite number?
True
Suppose l + 874 - 6855 = 0. Is l a composite number?
False
Let t be 48 + 3/(-3) + -3. Suppose 4*y - 20 = -0. Suppose -g - t = -y*g. Is g a composite number?
False
Suppose -4206 = -5*s + 5*c + 9134, 2*s + 4*c - 5324 = 0. Suppose 5*k = s - 81. Is k prime?
False
Let r be (-7)/14 + (-18)/4. Is (-4)/(-6) - ((-12620)/(-12))/r prime?
True
Let x(q) = -10*q + q**2 + 4 - 5 + 4. Let p be x(10). Suppose 4*s = p*a + 161 - 432, 4*a = -s + 393. Is a a composite number?
False
Suppose -3*b = -3*x + 9, -4*x = -3*x + b + 3. Suppose -2*k + 5*i + 314 = -x*k, 314 = 2*k + 2*i. Is k prime?
True
Suppose 0 = -3*h + 64 + 44. Suppose 33*k - h*k + 1185 = 0. Is k a composite number?
True
Let o(f) = 22*f**3 + f**2 + 2*f - 2. Let l be (-2)/((-8)/1) - 6/(-8). Is o(l) a composite number?
False
Let l = 7 + -7. Let z(o) = 31 + 10*o + 7*o - 18*o + o**3 + o**2. Is z(l) prime?
True
Suppose -4*j = o + 4, j = 5*j - 2*o - 8. Let u be (-1 - j/(-3))*0. Is (3 + -16)*(u + -13) a prime number?
False
Let n = -11 + 17. Let p be (n/1)/((-6)/(-27)). Let l = p - -136. Is l composite?
False
Suppose 0 = o + 4*j + j - 10281, 0 = -4*o + j + 41208. Is o a composite number?
False
Let t(c) = 29*c**2 + 4*c + 4. Suppose -5*h + 29 = 54. Is t(h) a composite number?
False
Let k be 14364/16 - 4/(-16). Suppose -6*y + 2884 - k = 0. Is y composite?
False
Let k be (-500)/15 + (-2)/(-6). Let l be k/(-22)*(-4)/(-6). Let m(d) = 158*d**3 - 2*d + 1. Is m(l) a prime number?
True
Suppose -3*l + z - 4156 = -26969, 5*l - 38011 = -z. Is l a composite number?
False
Suppose -3*b - 4*v = 53324, -5*v + 25 = -10*v. Is b/40*(-10)/2 a prime number?
True
Suppose 6*t = 10*t - 3332. Suppose 0 = 5*z - 902 - t. Is z prime?
True
Suppose -8*y = -3*y - 100. Is (-4)/y - 3/((-45)/18858) prime?
False
Suppose -10*q + 2847 = -73163. Is q prime?
False
Is -3 - -24946 - 0/(1 - -7) a prime number?
True
Suppose -2*i + 3 = -3*i. Let o(k) = -4*k**3 - 2*k**2 - 5. Is o(i) a prime number?
False
Suppose 2*p = 16 + 100. Suppose 2*b - 4*y - 66 = 0, p = 3*b + 2*y - 33. Is b a composite number?
False
Let i(b) = -4*b**2 + 24*b + 42. Let v(p) = 7*p**2 - 47*p - 83. Let z(x) = -5*i(x) - 3*v(x). Is z(18) composite?
True
Let c be 0*(-3)/(-12)*-2. Suppose -3*s + 2*b - 7*b - 5 = c, 4*s + b + 1 = 0. Suppose s = 2*m - 9 - 13. Is m prime?
True
Is 10094 - (13/(-4) - (-1)/4) a prime number?
False
Suppose 8 = g + q, g - 5*g + q = -42. Suppose 2*l + g = 7*l. Is (-2)/((-8)/398)*l prime?
True
Let q(x) = x**2 + x. Suppose -2 = -5*n + 7*n. Let s be q(n). Suppose -1011 = -s*t - 3*t. Is t a composite number?
False
Suppose k = -0*x - 4*x + 6385, 16 = -4*x. Is k composite?
True
Let y = 84 + -76. Is 18575/10*y/20 a composite number?
False
Suppose x - x = -3*x. Suppose -11*b + 16*b - 5275 = x. Is b a prime number?
False
Suppose -10*v + 7*v = 1221. Let h(j) = 284*j - 2. Let o be h(3). Let x = o + v. Is x composite?
False
Is 2*1*53276/8 a prime number?
False
Let d = 67 + -74. Let q(g) be the third derivative of -g**6/60 - 3*g**5/20 + 5*g**4/12 + 5*g**3/3 + 2*g**2. Is q(d) a composite number?
True
Suppose -15*z = -4*z - 33. Suppose z*p - 2*g - 8321 = 0, 0 = -3*p - 2*p - 5*g + 13910. Is p prime?
True
Suppose -4*b = -5*c - 28, -3*b = -6*b + 3*c + 18. Suppose 3*r - 65 = -b*q, r + 0*q = -5*q. Let g = -11 + r. Is g a prime number?
False
Let l = -56 - -56. Suppose l = -0*d + 9*d - 21555. Is d composite?
True
Suppose -19 = -3*h + 2*d, 3*h + 3*d = d - 1. Let c = h + 18. Is c a prime number?
False
Suppose -373158 - 268726 = -92*s. Is s composite?
False
Let l = 29 - 50. Let x = l - -43. Let y = 35 - x. Is y prime?
True
Let k = -1940 + 8646. Suppose 0 = -12*j + 5*j + k. Is j a prime number?
False
Let d(z) = 2 + 9 + 10*z + 0*z. Is d(15) composite?
True
Let h be 21*((-65)/(-15) - 3). Suppose -2*y = -h + 6. Is (y/(-2))/((-2)/8) composite?
True
Let w = 33 - -302. Suppose -4*g - g + w = 0. Is g a composite number?
False
Let w be (-18)/(-60)*5*(-4)/(-3). Suppose -4*o + 169 = -o - 4*i, -107 = -w*o - 3*i. Is o a composite number?
True
Suppose -42621 = -17*a + 326500. Is a a prime number?
True
Is 79/(156/39 - 534/134) a prime number?
False
Suppose 25 = -5*t, -t = -5*p + 8*p - 7888. Is p a prime number?
False
Suppose 34*l + 8*l - 1180830 = 0. Is l prime?
False
Is -42 + 1703 - 4*(1 + 0) a prime number?
True
Let m = -8 + -44. Let z = -211 - m. Let j = 1054 - z. Is j prime?
True
Let a be -1931 + (4 - 3)*(2 + -5). Is a*(20/(-8) + 1 - -1) composite?
False
Is -32 - -2001 - (1 + 0)*-4 a composite number?
False
Suppose -22*w = -18*w + 4. Is (w + 2)/(-1*(-2)/2302) prime?
True
Let b = 2908 - -1071. Is b prime?
False
Suppose 1331787 = 69*u + 371790. Is u a composite number?
False
Let w be (1*(19 + 3))/(-1). Let b be (-8994)/w + (-8)/(-44). Let s = -131 + b. Is s a prime number?
False
Let c = 80 + -58. Is c prime?
False
Is (-10)/(-15) + (96506/6)/1 prime?
False
Let o = 5696 + 5687. Is o composite?
False
Let j = 0 - -4. Suppose 8 = j*c, -c = -2*g + 2*c + 6. Suppose -l + 4 = g, 5*l = -5*z + 245. Is z a composite number?
True
Suppose 5*i + 4*d = i + 5540, 4*i - 5572 = 4*d. Let l = 1972 - i. Is l a prime number?
False
Suppose -5*y = -22012 + 87. Suppose -2*b + 7*b - y = 0. Is b a prime number?
True
Let u(m) = -366*m - 16. Let r be u(-6). Suppose -6*v + r = -1066. Is v a prime number?
True
Let u(d) be the third derivative of -7*d**6/120 + d**5/120 + 7*d**4/24 + 5*d**2. Let i(x) be the second derivative of u(x). Is i(-2) a composite number?
True
Suppose -9490 - 42770 = -5*x. Suppose -5*t + x = 727. Is t composite?
True
Let o(h) be the third derivative of 4*h**6/15 - h**5/60 - h**4/8 + h**3/6 + 32*h**2. Let k = -4 + 6. Is o(k) prime?
False
Suppose j + 6 = 4*j. Suppose s + 1261 = j*s. Is s composite?
True
Suppose 0 = 13*n - 9*n - 4852. Suppose 0*k = k - n. Is k a composite number?
False
Let p(w) = 224*w**2 - 20*w - 323. Is p(29) composite?
True
Let f(p) = 36*p**2 + 2*p + 14. Let d be f(17). Let c = -7378 + d. Is 6/(-15) + c/10 a prime number?
True
Suppose 91956 = 219*i - 207*i. Is i composite?
True
Let t(z) = -11*z**2 + z. Let r be t(1). Let v = 10 + r. Suppose v = -2*s - 6, 2*s + 48 + 237 = 3*u. Is u a composite number?
True
Let w be 36/10 + (-10)/(-25). Suppose -w*j - 2 = -5*j. Suppose 283 = 3*y + 4*c, 449 = 5*y - c + j*c. Is y composite?
False
Let i = 9296 - 5025. Is i a prime number?
True
Suppose a = -12 + 54. Suppose 0 = -3*s - 35 + 110. Let w = s + a. Is w prime?
True
Suppose 18729 = 3*z - 4*i, -19*i - 31223 = -5*z - 15*i. Is z a prime number?
True
Suppose 5*a - 265085 = -5*f, 2*a - 2*f + 43584 = 149618. Is a a composite number?
False
Suppose -13 = h - 4*l, -4*h + l + 6 + 2 = 0. Let k be h/(-6) + (-42)/4. Is 3*27 + (k - -9) a composite number?
False
Let k(f) = 157*f - 105. Is k(18) prime?
False
Let h = 1274 - 521. Is h prime?
False
Let s(l) = 65*l**2 + 9*l - 43. Is s(10) a prime number?
True
Let w(v) = 6 + v**2 + 3 - 11 - 6*v - v. Let a be w(6). Is 1143/7 + a/28 prime?
True
Suppose 13357 = 6*u - 17105. Is u prime?
True
Let n(o) = o**3 - o**2 - o + 3577. Let k be n(0). Suppose 1163 + k = 5*s. Let c = s + -581. Is c a composite number?
False
Suppose 4*h - 3*u = 2 + 19, 0 = h + u. Suppos